{"id":964,"date":"2024-03-09T19:46:00","date_gmt":"2024-03-09T18:46:00","guid":{"rendered":"https:\/\/fundacjaskrzypce.pl\/kurspulawy\/?page_id=964"},"modified":"2024-06-03T07:30:35","modified_gmt":"2024-06-03T05:30:35","slug":"24-07-7-08-2024","status":"publish","type":"page","link":"https:\/\/fundacjaskrzypce.pl\/kurspulawy\/","title":{"rendered":"24.07-7.08.2024"},"content":{"rendered":"<h2 style=\"text-align: center\"><span style=\"color: #000000\"><strong>IX MI\u0118DZYNARODOWY KURS<br \/>\nIM. TADEUSZA WRO\u0143SKIEGO W PU\u0141AWACH<\/strong><\/span><\/h2>\n<p style=\"text-align: justify\">Fundacja SKRZYPCE im. Tadeusza Wro\u0144skiego oraz I Liceum im. Ksi\u0119cia Adama Czartoryskiego w Pu\u0142awach serdecznie zapraszaj\u0105 na IX Mi\u0119dzynarodowy Kurs im. Tadeusza Wro\u0144skiego w Pu\u0142awach. Kurs odb\u0119dzie si\u0119 w dw\u00f3ch tygodniowych turnusach, pierwszy w dn. 24.07-31.07, a drugi 31.07-7.08 2024 r. W dniach 7-9 sierpnia 2024 r. zaplanowany jest IX Mi\u0119dzynarodowy Konkurs <em>Pu\u0142awy i Skrzypce<\/em>. Zapraszamy instrumentalist\u00f3w w ka\u017cdym wieku. Mog\u0105 w nim uczestniczy\u0107 zar\u00f3wno uczniowie szk\u00f3\u0142 podstawowych, liceali\u015bci, studenci oraz absolwenci uczelni muzycznych z Polski i z zagranicy. Pedagogami kursu b\u0119d\u0105 wybitni wirtuozi i pedagodzy z Polski, Wielkiej Brytanii, Niemiec oraz Japonii. Kursy skierowane s\u0105 do m\u0142odych skrzypk\u00f3w, altowiolist\u00f3w, wiolonczelist\u00f3w i kontrabasist\u00f3w. Tak\u017ce i w tym roku w I turnusie odb\u0119dzie si\u0119 kurs orkiestrowy, kt\u00f3ry poprowadzi dr Adam Wagner. G\u0142\u00f3wnym celem kursu jest doskonalenie umiej\u0119tno\u015bci m\u0142odych adept\u00f3w w zakresie gry solowej i kameralnej oraz przygotowanie kursant\u00f3w do koncert\u00f3w i Konkursu. Koncerty kursant\u00f3w oraz IX Festiwal <em>Spotkanie z Mistrzem<\/em>, jak r\u00f3wnie\u017c\u00a0IX Mi\u0119dzynarodowy Konkurs <em>Pu\u0142awy i Skrzypce<\/em> <a href=\"http:\/\/fundacjaskrzypce.pl\/konkurspulawy\/?fbclid=IwAR3rHYsZVYCFOSlVMXVkqxcgnoTYV9F9D3SgUQbf1R93YQ0R9aU9x9QtwUo\">http:\/\/fundacjaskrzypce.pl\/konkurspulawy\/<\/a> odbywa\u0107 si\u0119 b\u0119d\u0105 w sali balowej Pa\u0142acu Czartoryskich oraz w Szkole Muzycznej im. R. Twardowskiego w Pu\u0142awach. Serdecznie zapraszamy!<strong>\u00a0\u00a0\u00a0\u00a0\u00a0\u00a0\u00a0\u00a0\u00a0\u00a0 <\/strong><strong> \u00a0\u00a0<\/strong><\/p>\n<p style=\"text-align: center\"><strong>Wybierz j\u0119zyk \/ Select Your language<\/strong><\/p>\n<p style=\"text-align: center\"><a href=\"https:\/\/fundacjaskrzypce.pl\/kurspulawy\/\"><img loading=\"lazy\" decoding=\"async\" class=\"alignnone wp-image-350 size-full\" src=\"https:\/\/fundacjaskrzypce.pl\/konkurspulawy\/wp-content\/uploads\/sites\/6\/2021\/04\/pol-150x100.jpg\" alt=\"\" width=\"150\" height=\"100\" \/><\/a>\u00a0\u00a0 <a href=\"https:\/\/fundacjaskrzypce.pl\/kurspulawy\/24-07-7-08-2024-en\/\"><img loading=\"lazy\" decoding=\"async\" class=\"alignnone wp-image-349 size-full\" src=\"https:\/\/fundacjaskrzypce.pl\/konkurspulawy\/wp-content\/uploads\/sites\/6\/2021\/04\/ang-lg-150x100.jpg\" alt=\"\" width=\"150\" height=\"100\" \/><\/a><\/p>\n<h4 style=\"text-align: center\"><a href=\"https:\/\/docs.google.com\/forms\/d\/e\/1FAIpQLSe9mreMUVKJA49iIoetH0xDWO_8C6s2yTYvarysCMCnHhmd6A\/viewform\"><span style=\"color: #0000ff\"><strong>KARTA ZG\u0141OSZENIA\u00a0<\/strong>i<\/span>\u00a0<span style=\"color: #0000ff\">REGULAMIN<\/span><\/a><\/h4>\n<h4 style=\"text-align: center\"><strong> PEDAGODZY:<\/strong><\/h4>\n<table cellpadding=\"50\">\n<tbody>\n<tr>\n<td><strong>Turnus I \u2013 25-31.07<\/strong><\/td>\n<td><strong>Turnus II\u00a0\u2013 31.07-07.08<\/strong><\/td>\n<\/tr>\n<tr>\n<td><a href=\"https:\/\/fundacjaskrzypce.pl\/kurspulawy\/wp-content\/uploads\/sites\/5\/2023\/03\/2023_L_BIA\u0141OSTOCKA_PL.pdf\"><strong>Swiet\u0142ana Bia\u0142ostocka<\/strong><br \/>\n<\/a>Krak\u00f3w \/ skrzypce<\/td>\n<td><a href=\"https:\/\/fundacjaskrzypce.pl\/kurspulawy\/wp-content\/uploads\/sites\/5\/2024\/03\/2024_L_Kurzac-Kotula_PL.pdf\"><strong>Natalia Kurzac-Kotula<\/strong><\/a><br \/>\nKatowice \/ wiolonczela<\/td>\n<\/tr>\n<tr>\n<td><a href=\"https:\/\/fundacjaskrzypce.pl\/kurspulawy\/wp-content\/uploads\/sites\/5\/2024\/03\/2024_L_Budnik_PL.pdf\"><strong>Katarzyna Budnik<\/strong><\/a><a href=\"https:\/\/fundacjaskrzypce.pl\/kurspulawy\/wp-content\/uploads\/sites\/5\/2023\/03\/2023_L_Budnik_PL.pdf\"><br \/>\n<\/a>Warszawa \/ alt\u00f3wka<\/td>\n<td><a href=\"https:\/\/fundacjaskrzypce.pl\/kurspulawy\/wp-content\/uploads\/sites\/5\/2024\/03\/2024_L_Mrozek-Loska_PL.pdf\"><strong>El\u017cbieta Mro\u017cek-Loska<\/strong><\/a><br \/>\nKatowice \/ alt\u00f3wka<\/td>\n<\/tr>\n<tr>\n<td><a href=\"https:\/\/fundacjaskrzypce.pl\/kurspulawy\/wp-content\/uploads\/sites\/5\/2024\/03\/2024_L_Duda_PL.pdf\"><strong>Katarzyna Duda<\/strong><\/a><br \/>\nWarszawa \/ skrzypce<\/td>\n<td><a href=\"https:\/\/fundacjaskrzypce.pl\/kurspulawy\/wp-content\/uploads\/sites\/5\/2023\/03\/2023_L_Rashidova_PL_2.pdf\"><strong>Nazrin Rashidowa<\/strong><\/a><a href=\"https:\/\/fundacjaskrzypce.pl\/kurspulawy\/wp-content\/uploads\/sites\/5\/2023\/03\/2023_L_Rashidova_PL.pdf\"><br \/>\n<\/a>Londyn\/ skrzypce<\/td>\n<\/tr>\n<tr>\n<td><a href=\"https:\/\/fundacjaskrzypce.pl\/kurspulawy\/wp-content\/uploads\/sites\/5\/2023\/03\/2023_L_REZLER_PL.pdf\"><strong>Magdalena Rezler<\/strong><br \/>\n<\/a>Freiburg \/ skrzypce<\/td>\n<td><a href=\"https:\/\/fundacjaskrzypce.pl\/kurspulawy\/wp-content\/uploads\/sites\/5\/2023\/03\/2023_L_REZLER_PL.pdf\"><strong>Magdalena\u00a0 Rezler<\/strong><br \/>\n<\/a>Freiburg\/ skrzypce<\/td>\n<\/tr>\n<tr>\n<td><a href=\"https:\/\/fundacjaskrzypce.pl\/kurspulawy\/wp-content\/uploads\/sites\/5\/2023\/03\/2023_L_B\u0141ASZCZYK_PL.pdf\"><strong>\u0141ukasz\u00a0B\u0142aszczyk<\/strong><br \/>\n<\/a>\u0141\u00f3d\u017a \/ skrzypce<\/td>\n<td><a href=\"https:\/\/fundacjaskrzypce.pl\/kurspulawy\/wp-content\/uploads\/sites\/5\/2023\/03\/2023_L_KOTULA_PL.pdf\"><strong>Jan Kotula<\/strong><br \/>\n<\/a>Katowice \/ kontrabas<\/td>\n<\/tr>\n<tr>\n<td><a href=\"https:\/\/fundacjaskrzypce.pl\/kurspulawy\/wp-content\/uploads\/sites\/5\/2024\/03\/2024_L_DANOWICZ_PL.pdf\"><b>Christain Danowicz<\/b><\/a><br \/>\nWarszawa \/ skrzypce<\/td>\n<td>\u00a0<a href=\"https:\/\/fundacjaskrzypce.pl\/kurspulawy\/wp-content\/uploads\/sites\/5\/2023\/03\/2023_L_KULKA_PL.pdf\"><strong>Konstanty Andrzej Kulka<\/strong><br \/>\n<\/a>Warszawa, Gda\u0144sk \/ skrzypce<\/td>\n<\/tr>\n<tr>\n<td><a href=\"https:\/\/fundacjaskrzypce.pl\/kurspulawy\/wp-content\/uploads\/sites\/5\/2024\/03\/2024_L_Radzinski_PL.pdf\"><strong>Pawe\u0142 Radzi\u0144ski<\/strong><\/a><br \/>\nBydgoszcz \/ skrzypce<\/td>\n<td><a href=\"https:\/\/fundacjaskrzypce.pl\/kurspulawy\/wp-content\/uploads\/sites\/5\/2024\/03\/2024_L_KWASNY_PL.pdf\"><strong>Wies\u0142aw Kwa\u015bny<\/strong><\/a><a href=\"https:\/\/fundacjaskrzypce.pl\/kurspulawy\/wp-content\/uploads\/sites\/5\/2023\/03\/2023_L_KULKA_PL.pdf\"><br \/>\n<\/a>Krak\u00f3w\u00a0\/ skrzypce<\/td>\n<\/tr>\n<tr>\n<td><a href=\"https:\/\/fundacjaskrzypce.pl\/kurspulawy\/wp-content\/uploads\/sites\/5\/2024\/03\/2024_L_Strahl_PL.pdf\"><strong>Tomasz Strahl<\/strong><\/a><br \/>\nWarszawa \/ wiolonczela<\/td>\n<td><a href=\"https:\/\/fundacjaskrzypce.pl\/kurspulawy\/wp-content\/uploads\/sites\/5\/2023\/03\/2023_L_Patyra_PL.pdf\"><strong>Mariusz Patyra<\/strong><br \/>\n<\/a>Hanower, Bydgoszcz \/ skrzypce<\/td>\n<\/tr>\n<tr>\n<td><a href=\"https:\/\/fundacjaskrzypce.pl\/kurspulawy\/wp-content\/uploads\/sites\/5\/2024\/03\/2024_L_Tarcholik_PL.pdf\"><strong>Piotr Tarcholik<\/strong><\/a><br \/>\nKrak\u00f3w \/ skrzypce<\/td>\n<td><a href=\"https:\/\/fundacjaskrzypce.pl\/kurspulawy\/wp-content\/uploads\/sites\/5\/2023\/03\/2023_L_TOMASIK_PL.pdf\"><strong>S\u0142awomir Tomasik<\/strong><br \/>\n<\/a>Warszawa \/ skrzypce<\/td>\n<\/tr>\n<tr>\n<td><a href=\"https:\/\/fundacjaskrzypce.pl\/kurspulawy\/wp-content\/uploads\/sites\/5\/2023\/03\/2023_L_TOMASIK_PL.pdf\"><strong>S\u0142awomir Tomasik<\/strong><br \/>\n<\/a>Warszawa \/ skrzypce<\/td>\n<td><\/td>\n<\/tr>\n<tr>\n<td>\u00a0<a href=\"https:\/\/fundacjaskrzypce.pl\/kurspulawy\/wp-content\/uploads\/sites\/5\/2024\/03\/2024_L_Vaiman_PL.pdf\"><strong>Michael Vaiman<\/strong><\/a><br \/>\nAachen \/ skrzypce<\/td>\n<td><\/td>\n<\/tr>\n<tr>\n<td>\u00a0<a href=\"https:\/\/fundacjaskrzypce.pl\/kurspulawy\/wp-content\/uploads\/sites\/5\/2023\/03\/2023_L_WAGNER_PL.pdf\"><strong>Adam Wagner<\/strong><br \/>\n<\/a>Katowice \/ skrzypce, orkiestra<\/td>\n<td><\/td>\n<\/tr>\n<\/tbody>\n<\/table>\n<p>&nbsp;<\/p>\n<p style=\"text-align: center\"><strong>PIANISTA:<\/strong><\/p>\n<p style=\"text-align: center\"><a href=\"https:\/\/fundacjaskrzypce.pl\/kurspulawy\/wp-content\/uploads\/sites\/5\/2023\/03\/2023_L_Stanienda_PL.pdf\">KRZYSZTOF STANIENDA \u2013 Warszawa<\/a><\/p>\n<p style=\"text-align: center\"><strong>LUTNIK:\u00a0<\/strong><\/p>\n<p style=\"text-align: center\"><a href=\"https:\/\/fundacjaskrzypce.pl\/kurspulawy\/wp-content\/uploads\/sites\/5\/2023\/03\/2023_L_Rozak_PL.pdf\"><strong>MICHA\u0141 R\u00d3\u017bAK\u00a0<\/strong>\u2013 Koscielisko<\/a><\/p>\n<p style=\"text-align: center\"><strong>KIEROWNICTWO ARTYSTYCZNE:<\/strong><\/p>\n<p style=\"text-align: center\"><a href=\"https:\/\/fundacjaskrzypce.pl\/kurspulawy\/wp-content\/uploads\/sites\/5\/2023\/03\/2023_L_TOMASIK_PL.pdf\">S\u0141AWOMIR TOMASIK<\/a><\/p>\n<p style=\"text-align: center\"><strong>SEKRETARZ KURSU<\/strong><\/p>\n<p style=\"margin: 0cm 0cm 0.0001pt;line-height: 150%;vertical-align: baseline;text-align: center\">DOMINIK MIROS\u0141AW<\/p>\n<p>&nbsp;<\/p>\n<p style=\"text-align: center\"><strong>ORGANIZATOR:<\/strong><\/p>\n<p style=\"text-align: center\"><strong>Fundacja SKRZYPCE im. Tadeusza Wro\u0144skiego<\/strong><\/p>\n<p style=\"text-align: center\"><strong><br \/>\nWSP\u00d3\u0141ORGANIZATOR:<br \/>\nI Liceum Og\u00f3lnokszta\u0142c\u0105ce im. Ksi\u0119cia Adama Czartoryskiego w Pu\u0142awach<\/strong><\/p>\n<p style=\"text-align: center\"><a href=\"https:\/\/fundacjaskrzypce.pl\/kurspulawy\/\">https:\/\/fundacjaskrzypce.pl\/kurspulawy\/<\/a><\/p>\n<p style=\"text-align: center\"><a href=\"https:\/\/fundacjaskrzypce.pl\/konkurspulawy\/\">https:\/\/fundacjaskrzypce.pl\/konkurspulawy\/<\/a><\/p>\n<p style=\"text-align: center\"><a href=\"mailto:wronski.fundacja.skrzypce@gmail.com\">wronski.fundacja.skrzypce@gmail.com<\/a><\/p>\n<p style=\"text-align: center\"><a href=\"http:\/\/www.fundacjaskrzypce.pl\">www.fundacjaskrzypce.pl<\/a><\/p>\n<p style=\"text-align: center\"><strong>Dofinansowano ze \u015brodk\u00f3w Ministra Kultury, Dziedzictwa Narodowego<\/strong>\u200b<\/p>\n<table>\n<tbody>\n<tr>\n<td>\u00a0<a href=\"https:\/\/fundacjaskrzypce.pl\/kurspulawy\/wp-content\/uploads\/sites\/5\/2024\/03\/mkidn.jpg\"><img loading=\"lazy\" decoding=\"async\" class=\"aligncenter wp-image-1005 size-medium\" src=\"https:\/\/fundacjaskrzypce.pl\/kurspulawy\/wp-content\/uploads\/sites\/5\/2024\/03\/mkidn-300x84.jpg\" alt=\"\" width=\"300\" height=\"84\" srcset=\"https:\/\/fundacjaskrzypce.pl\/kurspulawy\/wp-content\/uploads\/sites\/5\/2024\/03\/mkidn-300x84.jpg 300w, https:\/\/fundacjaskrzypce.pl\/kurspulawy\/wp-content\/uploads\/sites\/5\/2024\/03\/mkidn-768x216.jpg 768w, https:\/\/fundacjaskrzypce.pl\/kurspulawy\/wp-content\/uploads\/sites\/5\/2024\/03\/mkidn-1024x288.jpg 1024w, https:\/\/fundacjaskrzypce.pl\/kurspulawy\/wp-content\/uploads\/sites\/5\/2024\/03\/mkidn.jpg 1537w\" sizes=\"(max-width: 300px) 100vw, 300px\" \/><\/a><\/td>\n<td>\u00a0<img loading=\"lazy\" decoding=\"async\" class=\"aligncenter wp-image-575\" src=\"https:\/\/fundacjaskrzypce.pl\/kurspulawy\/wp-content\/uploads\/sites\/5\/2021\/12\/fundacja_skrzypce-300x192.jpg\" alt=\"\" width=\"255\" height=\"163\" srcset=\"https:\/\/fundacjaskrzypce.pl\/kurspulawy\/wp-content\/uploads\/sites\/5\/2021\/12\/fundacja_skrzypce-300x192.jpg 300w, https:\/\/fundacjaskrzypce.pl\/kurspulawy\/wp-content\/uploads\/sites\/5\/2021\/12\/fundacja_skrzypce.jpg 592w\" sizes=\"(max-width: 255px) 100vw, 255px\" \/><\/td>\n<td><a href=\"https:\/\/fundacjaskrzypce.pl\/konkurspulawy\/wp-content\/uploads\/sites\/6\/2021\/12\/herb_powiat.jpg\"><img loading=\"lazy\" decoding=\"async\" class=\"aligncenter wp-image-450\" src=\"https:\/\/fundacjaskrzypce.pl\/konkurspulawy\/wp-content\/uploads\/sites\/6\/2021\/12\/herb_powiat.jpg\" alt=\"\" width=\"112\" height=\"152\" \/><\/a><\/td>\n<\/tr>\n<tr>\n<td>\u00a0<img loading=\"lazy\" decoding=\"async\" class=\"aligncenter size-full wp-image-452\" src=\"https:\/\/fundacjaskrzypce.pl\/konkurspulawy\/wp-content\/uploads\/sites\/6\/2021\/12\/Liceum.png\" alt=\"\" width=\"362\" height=\"167\" \/><\/td>\n<td>\u00a0<a href=\"https:\/\/fundacjaskrzypce.pl\/kurspulawy\/wp-content\/uploads\/sites\/5\/2022\/04\/MR_LOGO.jpg\"><img loading=\"lazy\" decoding=\"async\" class=\"aligncenter wp-image-689\" src=\"https:\/\/fundacjaskrzypce.pl\/kurspulawy\/wp-content\/uploads\/sites\/5\/2022\/04\/MR_LOGO.jpg\" alt=\"\" width=\"150\" height=\"135\" srcset=\"https:\/\/fundacjaskrzypce.pl\/kurspulawy\/wp-content\/uploads\/sites\/5\/2022\/04\/MR_LOGO.jpg 640w, https:\/\/fundacjaskrzypce.pl\/kurspulawy\/wp-content\/uploads\/sites\/5\/2022\/04\/MR_LOGO-300x270.jpg 300w\" sizes=\"(max-width: 150px) 100vw, 150px\" \/><\/a><\/td>\n<td>\u00a0<img loading=\"lazy\" decoding=\"async\" class=\"aligncenter wp-image-663\" src=\"https:\/\/fundacjaskrzypce.pl\/konkurspulawy\/wp-content\/uploads\/sites\/6\/2023\/03\/STOART.jpeg\" alt=\"\" width=\"161\" height=\"150\" \/><\/td>\n<\/tr>\n<tr>\n<td>\u00a0<img loading=\"lazy\" decoding=\"async\" class=\"aligncenter wp-image-665\" src=\"https:\/\/fundacjaskrzypce.pl\/konkurspulawy\/wp-content\/uploads\/sites\/6\/2023\/03\/zaiks.jpg\" alt=\"\" width=\"193\" height=\"100\" \/><\/td>\n<td>\u00a0<a href=\"https:\/\/fundacjaskrzypce.pl\/konkurspulawy\/wp-content\/uploads\/sites\/6\/2023\/03\/to_nasz_region.jpg\"><img loading=\"lazy\" decoding=\"async\" class=\"aligncenter wp-image-664\" src=\"https:\/\/fundacjaskrzypce.pl\/konkurspulawy\/wp-content\/uploads\/sites\/6\/2023\/03\/to_nasz_region.jpg\" alt=\"\" width=\"376\" height=\"150\" \/><\/a><\/td>\n<td>\u00a0<a href=\"https:\/\/fundacjaskrzypce.pl\/konkurspulawy\/wp-content\/uploads\/sites\/6\/2023\/03\/radio_impuls.png\"><img loading=\"lazy\" decoding=\"async\" class=\"aligncenter wp-image-662\" src=\"https:\/\/fundacjaskrzypce.pl\/konkurspulawy\/wp-content\/uploads\/sites\/6\/2023\/03\/radio_impuls.png\" alt=\"\" width=\"228\" height=\"200\" \/><\/a><\/td>\n<\/tr>\n<tr>\n<td><\/td>\n<td><\/td>\n<td><\/td>\n<\/tr>\n<\/tbody>\n<\/table>\n<p style=\"text-align: center\"><strong>LINK do film\u00f3w \u2013 Liceum im. A. Czartoryskiego (lekcje uczestnik\u00f3w)<br \/>\ni Internatu (zakwaterowanie)<\/strong><\/p>\n<p><iframe loading=\"lazy\" title=\"Wiosenna wizyta w murach liceum...\" width=\"1080\" height=\"608\" src=\"https:\/\/www.youtube.com\/embed\/wjLaaqaZAUw?feature=oembed\" frameborder=\"0\" allow=\"accelerometer; autoplay; clipboard-write; encrypted-media; gyroscope; picture-in-picture; web-share\" referrerpolicy=\"strict-origin-when-cross-origin\" allowfullscreen><\/iframe><\/p>\n<p><iframe loading=\"lazy\" title=\"Wiosenna wizyta w budynku internatu...\" width=\"1080\" height=\"608\" src=\"https:\/\/www.youtube.com\/embed\/uQwJfo_OIU4?feature=oembed\" frameborder=\"0\" allow=\"accelerometer; autoplay; clipboard-write; encrypted-media; gyroscope; picture-in-picture; web-share\" referrerpolicy=\"strict-origin-when-cross-origin\" allowfullscreen><\/iframe><\/p>\n","protected":false},"excerpt":{"rendered":"<p>IX MI\u0118DZYNARODOWY KURS IM. TADEUSZA WRO\u0143SKIEGO W PU\u0141AWACH Fundacja SKRZYPCE im. Tadeusza Wro\u0144skiego oraz I Liceum im. Ksi\u0119cia Adama Czartoryskiego w Pu\u0142awach serdecznie zapraszaj\u0105 na IX Mi\u0119dzynarodowy Kurs im. Tadeusza Wro\u0144skiego w Pu\u0142awach. Kurs odb\u0119dzie si\u0119 w dw\u00f3ch tygodniowych turnusach, pierwszy w dn. 24.07-31.07, a drugi 31.07-7.08 2024 r. W dniach 7-9 sierpnia 2024 r. [&hellip;]<\/p>\n","protected":false},"author":8,"featured_media":0,"parent":0,"menu_order":0,"comment_status":"closed","ping_status":"closed","template":"","meta":{"_et_pb_use_builder":"","_et_pb_old_content":"","_et_gb_content_width":"","ngg_post_thumbnail":0,"footnotes":""},"class_list":["post-964","page","type-page","status-publish","hentry"],"_links":{"self":[{"href":"https:\/\/fundacjaskrzypce.pl\/kurspulawy\/wp-json\/wp\/v2\/pages\/964"}],"collection":[{"href":"https:\/\/fundacjaskrzypce.pl\/kurspulawy\/wp-json\/wp\/v2\/pages"}],"about":[{"href":"https:\/\/fundacjaskrzypce.pl\/kurspulawy\/wp-json\/wp\/v2\/types\/page"}],"author":[{"embeddable":true,"href":"https:\/\/fundacjaskrzypce.pl\/kurspulawy\/wp-json\/wp\/v2\/users\/8"}],"replies":[{"embeddable":true,"href":"https:\/\/fundacjaskrzypce.pl\/kurspulawy\/wp-json\/wp\/v2\/comments?post=964"}],"version-history":[{"count":11,"href":"https:\/\/fundacjaskrzypce.pl\/kurspulawy\/wp-json\/wp\/v2\/pages\/964\/revisions"}],"predecessor-version":[{"id":1021,"href":"https:\/\/fundacjaskrzypce.pl\/kurspulawy\/wp-json\/wp\/v2\/pages\/964\/revisions\/1021"}],"wp:attachment":[{"href":"https:\/\/fundacjaskrzypce.pl\/kurspulawy\/wp-json\/wp\/v2\/media?parent=964"}],"curies":[{"name":"wp","href":"https:\/\/api.w.org\/{rel}","templated":true}]}}