{"id":413,"date":"2021-04-06T08:18:56","date_gmt":"2021-04-06T06:18:56","guid":{"rendered":"https:\/\/fundacjaskrzypce.pl\/kurspulawy\/?page_id=413"},"modified":"2021-05-31T10:34:18","modified_gmt":"2021-05-31T08:34:18","slug":"en-2","status":"publish","type":"page","link":"https:\/\/fundacjaskrzypce.pl\/kurspulawy\/en-2\/","title":{"rendered":"6th International Tadeusz Wro\u0144ski Master Course in Pulawy, Poland"},"content":{"rendered":"<p style=\"text-align: justify;\">The Tadeusz Wro\u0144ski\u00a0 Foundation for Violin invites to The 6<sup>th<\/sup> International Tadeusz Wro\u0144ski Course in Pulawy, Poland. Since this year the organizers are planning to divide the Course on two nine-days terms. The first one will be held on 25.07 \u2013 03.08.2021 and second, 3-12.08.2020. After second term will be held 6<sup>th<\/sup> International <em>Pulawy &amp; The Violin <\/em>Competition, 12-14.08.2021. Students of all age groups are welcome: primary and secondary music school level, college and university students and graduates from music education establishments from Poland and abroad. Classes will be taught by outstanding virtuosos from Poland, Germany, Israel and Japan. Also in this Course an organizers are planning also piano and chamber piano music classes. This lectures will be coached by famous pianist \u2013 Dina Yoffe. The main objective of the Course is to help young instrumentalists perfect their music skills. During the Course both the students and the teachers will play recitals. The 6<sup>th<\/sup> Festival \u2013 <em>Meeting with the Master<\/em> and 6<sup>th<\/sup> International <em>Pulawy &amp; Violin <\/em>Competition \u00a0<a href=\"https:\/\/fundacjaskrzypce.pl\/konkurspulawy\/en-2\">http:\/\/fundacjaskrzypce.pl\/konkurspulawy\/en-2\/<\/a>\u00a0will take place at the Czartoryskis Palace concert hall and The Culture Center \u201cChemist\u201d in Pulawy town. Join us!<\/p>\n<p style=\"text-align: center;\"><strong>Wybierz j\u0119zyk \/ Select Your language<\/strong><\/p>\n<p style=\"text-align: center;\"><a href=\"https:\/\/fundacjaskrzypce.pl\/kurspulawy\/\"><img loading=\"lazy\" decoding=\"async\" class=\"alignnone wp-image-350 size-full\" src=\"https:\/\/fundacjaskrzypce.pl\/konkurspulawy\/wp-content\/uploads\/sites\/6\/2021\/04\/pol-150x100.jpg\" alt=\"\" width=\"150\" height=\"100\" \/><\/a>\u00a0 \u00a0 \u00a0 \u00a0 \u00a0\u00a0<a href=\"https:\/\/fundacjaskrzypce.pl\/kurspulawy\/en-2\"><img loading=\"lazy\" decoding=\"async\" class=\"alignnone wp-image-349 size-full\" src=\"https:\/\/fundacjaskrzypce.pl\/konkurspulawy\/wp-content\/uploads\/sites\/6\/2021\/04\/ang-lg-150x100.jpg\" alt=\"\" width=\"150\" height=\"100\" \/><\/a><\/p>\n<h4 style=\"text-align: center;\"><a href=\"https:\/\/fundacjaskrzypce.pl\/kurspulawy\/wp-content\/uploads\/sites\/5\/2021\/04\/VI-Kurs-Rules-Zg\u0142oszenie-Ang.pdf\"><span style=\"color: #0000ff;\"><strong>Rules&gt;&gt;<\/strong><\/span><\/a><\/h4>\n<h4 style=\"text-align: center;\"><strong> TEACHERS:<\/strong><\/h4>\n<table>\n<tbody>\n<tr>\n<td><strong>Term one (25.07.- 03.08. 2021)<\/strong><\/td>\n<td><strong>Term two (03 &#8211; 12. 08. 2021)<\/strong><\/td>\n<\/tr>\n<tr>\n<td><a href=\"https:\/\/fundacjaskrzypce.pl\/kurspulawy\/wp-content\/uploads\/sites\/5\/2021\/04\/Budnik-ang.pdf\">Katarzyna Budnik \u2013 Warsaw<\/a><\/td>\n<td><a href=\"https:\/\/fundacjaskrzypce.pl\/kurspulawy\/wp-content\/uploads\/sites\/5\/2021\/04\/REZLER-MAGDALENA-ang.pdf\">Magdalena Rezler \u2013 Freiburg<\/a><\/td>\n<\/tr>\n<tr>\n<td><a href=\"https:\/\/fundacjaskrzypce.pl\/kurspulawy\/wp-content\/uploads\/sites\/5\/2021\/04\/Duda-Katarzyna-ENG.pdf\">Katarzyna Duda \u2013 Warsaw<\/a><\/td>\n<td><a href=\"https:\/\/fundacjaskrzypce.pl\/kurspulawy\/wp-content\/uploads\/sites\/5\/2021\/04\/Szymczewska-ang.pdf\">Agata Szymczewska \u2013 Warsaw<\/a><\/td>\n<\/tr>\n<tr>\n<td><a href=\"https:\/\/fundacjaskrzypce.pl\/kurspulawy\/wp-content\/uploads\/sites\/5\/2021\/04\/REZLER-MAGDALENA-ang.pdf\">Magdalena Rezler \u2013 Freiburg<\/a><\/td>\n<td><a href=\"https:\/\/fundacjaskrzypce.pl\/kurspulawy\/wp-content\/uploads\/sites\/5\/2021\/04\/prof.-DINA-YOFFE-ang.pdf\">Dina Yoffe \u2013 Barcelona\/Tel Awiw<\/a><\/td>\n<\/tr>\n<tr>\n<td><a href=\"https:\/\/fundacjaskrzypce.pl\/kurspulawy\/wp-content\/uploads\/sites\/5\/2021\/04\/BRY\u0141A-BARTOSZ-ang.pdf\">Bartosz Bry\u0142a \u2013 Pozen<\/a><\/td>\n<td><a href=\"https:\/\/fundacjaskrzypce.pl\/kurspulawy\/wp-content\/uploads\/sites\/5\/2021\/04\/Antoine-Billet-eng..pdf\">Antoine Billet&#8217;a &#8211;\u00a0 Freiburg\/Paris<\/a><\/td>\n<\/tr>\n<tr>\n<td><a href=\"https:\/\/fundacjaskrzypce.pl\/kurspulawy\/wp-content\/uploads\/sites\/5\/2021\/04\/Jakub-Jakowicz-ang.-na-stron\u0119-kursu.pdf\">Jakub Jakowicz \u2013 Warsaw<\/a><\/td>\n<td><a href=\"https:\/\/fundacjaskrzypce.pl\/kurspulawy\/wp-content\/uploads\/sites\/5\/2021\/04\/B\u0141ASZCZYK-ang.pdf\">\u0141ukasz B\u0142aszczyk \u2013 \u0141odz<\/a><\/td>\n<\/tr>\n<tr>\n<td><a href=\"https:\/\/fundacjaskrzypce.pl\/kurspulawy\/wp-content\/uploads\/sites\/5\/2021\/04\/STANIENDA-JAN-ang.pdf\">Jan Stanienda \u2013 Warsaw<\/a><\/td>\n<td><a href=\"https:\/\/fundacjaskrzypce.pl\/kurspulawy\/wp-content\/uploads\/sites\/5\/2021\/04\/KULKA-Konstanty-Andrzej.-ang.pdf\">Konstanty Andrzej Kulka \u2013 Warsaw<\/a><\/td>\n<\/tr>\n<tr>\n<td><a href=\"https:\/\/fundacjaskrzypce.pl\/kurspulawy\/wp-content\/uploads\/sites\/5\/2021\/04\/Strahl-T.-ang.pdf\">Tomasz Strahl \u2013 Warsaw<\/a><\/td>\n<td><a href=\"https:\/\/fundacjaskrzypce.pl\/kurspulawy\/wp-content\/uploads\/sites\/5\/2021\/04\/STANIENDA-JAN-ang.pdf\">Jan Stanienda \u2013 Warsaw<\/a><\/td>\n<\/tr>\n<tr>\n<td><a href=\"https:\/\/fundacjaskrzypce.pl\/kurspulawy\/wp-content\/uploads\/sites\/5\/2021\/04\/Szczepanowska-ang.pdf\">Magdalena Szczepanowska \u2013 Warsaw<\/a><\/td>\n<td><a href=\"https:\/\/fundacjaskrzypce.pl\/kurspulawy\/wp-content\/uploads\/sites\/5\/2021\/04\/Tarcholik-Piotr-ang..pdf\">Piotr Tarcholik \u2013 Krakow<\/a><\/td>\n<\/tr>\n<tr>\n<td><a href=\"https:\/\/fundacjaskrzypce.pl\/kurspulawy\/wp-content\/uploads\/sites\/5\/2021\/04\/TOMASIK-S\u0142awomir-ang.pdf\">S\u0142awomir Tomasik \u2013 Warsaw<\/a><\/td>\n<td><a href=\"https:\/\/fundacjaskrzypce.pl\/kurspulawy\/wp-content\/uploads\/sites\/5\/2021\/04\/TOMASIK-S\u0142awomir-ang.pdf\">S\u0142awomir Tomasik \u2013 Warsaw<\/a><\/td>\n<\/tr>\n<tr>\n<td><a href=\"https:\/\/fundacjaskrzypce.pl\/kurspulawy\/wp-content\/uploads\/sites\/5\/2021\/04\/Wawrowski-Janusz-ang.pdf\">Janusz Wawrowski \u2013 Warsaw<\/a><\/td>\n<td><a href=\"https:\/\/fundacjaskrzypce.pl\/kurspulawy\/wp-content\/uploads\/sites\/5\/2021\/04\/Professor-Michael-Vaiman-ang.pdf\">Michael Vaiman \u2013 Aachen\/Tel Awiw<\/a><\/td>\n<\/tr>\n<\/tbody>\n<\/table>\n<p style=\"text-align: center;\"><strong>PIANIST:<\/strong><\/p>\n<p style=\"text-align: center;\"><a href=\"https:\/\/fundacjaskrzypce.pl\/kurspulawy\/wp-content\/uploads\/sites\/5\/2021\/04\/Stanienda-Krzysztof-ANG.pdf\">Krzysztof Stanienda \u2013 Warsaw<\/a><\/p>\n<p style=\"text-align: center;\"><strong>KIEROWNICTWO ARTYSTYCZNE:<\/strong><\/p>\n<p style=\"text-align: center;\"><a href=\"https:\/\/fundacjaskrzypce.pl\/kurspulawy\/wp-content\/uploads\/sites\/5\/2021\/04\/TOMASIK-S\u0142awomir-ang.pdf\">S\u0142awomir Tomasik<\/a><\/p>\n<p style=\"text-align: center;\"><strong>VIOLIN MAKER<\/strong><\/p>\n<p style=\"text-align: center;\"><a href=\"https:\/\/fundacjaskrzypce.pl\/kurspulawy\/wp-content\/uploads\/sites\/5\/2021\/04\/Micha\u0142-R\u00f3\u017cak-ang.pdf\">Micha\u0142 R\u00f3\u017cak<\/a><\/p>\n<p style=\"text-align: center;\"><strong>SEKRETARY OF THE CURSE:<\/strong><\/p>\n<p style=\"text-align: center;\">Agnieszka Matraszek<\/p>\n<p style=\"text-align: center;\"><strong>ORGANIZATOR:<\/strong><\/p>\n<p style=\"text-align: center;\"><strong>Fundacja SKRZYPCE im. Tadeusza Wro\u0144skiego<\/strong><\/p>\n<p style=\"text-align: center;\"><a href=\"mailto:wronski.fundacja.skrzypce@gmail.com\">wronski.fundacja.skrzypce@gmail.com<\/a><\/p>\n<p style=\"text-align: center;\"><a href=\"http:\/\/www.fundacjaskrzypce.pl\">www.fundacjaskrzypce.pl<\/a><\/p>\n<p style=\"text-align: center;\"><a href=\"https:\/\/fundacjaskrzypce.pl\/kurspulawy\/wp-content\/uploads\/sites\/5\/2021\/04\/plakat_kurs.jpg\"><img loading=\"lazy\" decoding=\"async\" class=\"aligncenter size-full wp-image-507\" src=\"https:\/\/fundacjaskrzypce.pl\/kurspulawy\/wp-content\/uploads\/sites\/5\/2021\/04\/plakat_kurs.jpg\" alt=\"\" width=\"1684\" height=\"1191\" srcset=\"https:\/\/fundacjaskrzypce.pl\/kurspulawy\/wp-content\/uploads\/sites\/5\/2021\/04\/plakat_kurs.jpg 1684w, https:\/\/fundacjaskrzypce.pl\/kurspulawy\/wp-content\/uploads\/sites\/5\/2021\/04\/plakat_kurs-300x212.jpg 300w, https:\/\/fundacjaskrzypce.pl\/kurspulawy\/wp-content\/uploads\/sites\/5\/2021\/04\/plakat_kurs-768x543.jpg 768w, https:\/\/fundacjaskrzypce.pl\/kurspulawy\/wp-content\/uploads\/sites\/5\/2021\/04\/plakat_kurs-1024x724.jpg 1024w\" sizes=\"(max-width: 1684px) 100vw, 1684px\" \/><\/a><\/p>\n<p style=\"text-align: justify;\">\u201e<strong><em>Dofinansowano ze \u015brodk\u00f3w Ministra Kultury, Dziedzictwa Narodowego i Sportu pochodz\u0105cych z Funduszu Promocji Kultury, uzyskanych z dop\u0142at ustanowionych w grach obj\u0119tych monopolem pa\u0144stwa, zgodnie z art. 80 ust. 1\u00a0 ustawy z dnia 19 listopada 2009 r. o grach hazardowych\u201d\u00a0<\/em><\/strong><\/p>\n<p style=\"text-align: justify;\"><img loading=\"lazy\" decoding=\"async\" class=\"aligncenter size-full wp-image-407\" src=\"https:\/\/fundacjaskrzypce.pl\/kurspulawy\/wp-content\/uploads\/sites\/5\/2021\/04\/spon.jpg\" alt=\"\" width=\"1412\" height=\"600\" srcset=\"https:\/\/fundacjaskrzypce.pl\/kurspulawy\/wp-content\/uploads\/sites\/5\/2021\/04\/spon.jpg 1412w, https:\/\/fundacjaskrzypce.pl\/kurspulawy\/wp-content\/uploads\/sites\/5\/2021\/04\/spon-300x127.jpg 300w, https:\/\/fundacjaskrzypce.pl\/kurspulawy\/wp-content\/uploads\/sites\/5\/2021\/04\/spon-768x326.jpg 768w, https:\/\/fundacjaskrzypce.pl\/kurspulawy\/wp-content\/uploads\/sites\/5\/2021\/04\/spon-1024x435.jpg 1024w\" sizes=\"(max-width: 1412px) 100vw, 1412px\" \/><\/p>\n<p><a href=\"https:\/\/pulawy.grupaazoty.com\/\"><img loading=\"lazy\" decoding=\"async\" class=\"alignleft wp-image-496\" src=\"https:\/\/fundacjaskrzypce.pl\/kurspulawy\/wp-content\/uploads\/sites\/5\/2021\/04\/azoty.jpg\" alt=\"\" width=\"100\" height=\"100\" srcset=\"https:\/\/fundacjaskrzypce.pl\/kurspulawy\/wp-content\/uploads\/sites\/5\/2021\/04\/azoty.jpg 124w, https:\/\/fundacjaskrzypce.pl\/kurspulawy\/wp-content\/uploads\/sites\/5\/2021\/04\/azoty-100x100.jpg 100w\" sizes=\"(max-width: 100px) 100vw, 100px\" \/><\/a> <img loading=\"lazy\" decoding=\"async\" class=\"wp-image-497 alignleft\" src=\"https:\/\/fundacjaskrzypce.pl\/kurspulawy\/wp-content\/uploads\/sites\/5\/2021\/04\/stoart.jpg\" alt=\"\" width=\"100\" height=\"93\" \/><\/p>\n<p><img loading=\"lazy\" decoding=\"async\" class=\"wp-image-377 alignleft\" src=\"https:\/\/fundacjaskrzypce.pl\/konkurspulawy\/wp-content\/uploads\/sites\/6\/2021\/04\/szkola.jpg\" alt=\"\" width=\"100\" height=\"100\" \/><\/p>\n<p>&nbsp;<\/p>\n<p>&nbsp;<\/p>\n<p>&nbsp;<\/p>\n<p style=\"text-align: center;\">\u00a0\u00a0<strong>Links of the The Czartoryski School (lessons) &amp; the Dormitory (accommodation):<\/strong><\/p>\n<p><iframe loading=\"lazy\" title=\"Wiosenna wizyta w murach liceum...\" width=\"1080\" height=\"608\" src=\"https:\/\/www.youtube.com\/embed\/wjLaaqaZAUw?start=17&#038;feature=oembed\" frameborder=\"0\" allow=\"accelerometer; autoplay; clipboard-write; encrypted-media; gyroscope; picture-in-picture; web-share\" referrerpolicy=\"strict-origin-when-cross-origin\" allowfullscreen><\/iframe><\/p>\n<p><iframe loading=\"lazy\" title=\"Wiosenna wizyta w budynku internatu...\" width=\"1080\" height=\"608\" src=\"https:\/\/www.youtube.com\/embed\/uQwJfo_OIU4?feature=oembed\" frameborder=\"0\" allow=\"accelerometer; autoplay; clipboard-write; encrypted-media; gyroscope; picture-in-picture; web-share\" referrerpolicy=\"strict-origin-when-cross-origin\" allowfullscreen><\/iframe><\/p>\n<p style=\"text-align: center;\"><strong><u>Photo Galery:<\/u><\/strong><\/p>\n","protected":false},"excerpt":{"rendered":"<p>The Tadeusz Wro\u0144ski\u00a0 Foundation for Violin invites to The 6th International Tadeusz Wro\u0144ski Course in Pulawy, Poland. Since this year the organizers are planning to divide the Course on two nine-days terms. The first one will be held on 25.07 \u2013 03.08.2021 and second, 3-12.08.2020. After second term will be held 6th International Pulawy &amp; [&hellip;]<\/p>\n","protected":false},"author":1,"featured_media":0,"parent":0,"menu_order":0,"comment_status":"closed","ping_status":"closed","template":"","meta":{"_et_pb_use_builder":"","_et_pb_old_content":"","_et_gb_content_width":"","ngg_post_thumbnail":0,"footnotes":""},"class_list":["post-413","page","type-page","status-publish","hentry"],"_links":{"self":[{"href":"https:\/\/fundacjaskrzypce.pl\/kurspulawy\/wp-json\/wp\/v2\/pages\/413"}],"collection":[{"href":"https:\/\/fundacjaskrzypce.pl\/kurspulawy\/wp-json\/wp\/v2\/pages"}],"about":[{"href":"https:\/\/fundacjaskrzypce.pl\/kurspulawy\/wp-json\/wp\/v2\/types\/page"}],"author":[{"embeddable":true,"href":"https:\/\/fundacjaskrzypce.pl\/kurspulawy\/wp-json\/wp\/v2\/users\/1"}],"replies":[{"embeddable":true,"href":"https:\/\/fundacjaskrzypce.pl\/kurspulawy\/wp-json\/wp\/v2\/comments?post=413"}],"version-history":[{"count":25,"href":"https:\/\/fundacjaskrzypce.pl\/kurspulawy\/wp-json\/wp\/v2\/pages\/413\/revisions"}],"predecessor-version":[{"id":511,"href":"https:\/\/fundacjaskrzypce.pl\/kurspulawy\/wp-json\/wp\/v2\/pages\/413\/revisions\/511"}],"wp:attachment":[{"href":"https:\/\/fundacjaskrzypce.pl\/kurspulawy\/wp-json\/wp\/v2\/media?parent=413"}],"curies":[{"name":"wp","href":"https:\/\/api.w.org\/{rel}","templated":true}]}}