{"id":37,"date":"2016-05-07T22:25:43","date_gmt":"2016-05-07T20:25:43","guid":{"rendered":"http:\/\/fundacjaskrzypce.kuznianet.pl\/kursnaleczow\/?page_id=37"},"modified":"2018-02-07T01:05:34","modified_gmt":"2018-02-07T00:05:34","slug":"kurs-w-nalaczowie","status":"publish","type":"page","link":"https:\/\/fundacjaskrzypce.pl\/kurspulawy\/kurs-w-nalaczowie\/","title":{"rendered":"Kurs w Na\u0142\u0119czowie &#8211; Fundacja Skrzypce"},"content":{"rendered":"<p>[et_pb_section admin_label=&#8221;section&#8221; fullwidth=&#8221;off&#8221; specialty=&#8221;off&#8221; background_image=&#8221;http:\/\/fundacjaskrzypce.kuznianet.pl\/kursnaleczow\/wp-content\/uploads\/sites\/5\/2016\/05\/naleczow_konkurs-header1.jpg&#8221; transparent_background=&#8221;off&#8221; background_color=&#8221;#ffffff&#8221; inner_shadow=&#8221;off&#8221; parallax=&#8221;off&#8221; parallax_method=&#8221;on&#8221;][et_pb_row admin_label=&#8221;row&#8221;][et_pb_column type=&#8221;2_3&#8243;][et_pb_text admin_label=&#8221;naglowek&#8221; background_layout=&#8221;light&#8221; text_orientation=&#8221;left&#8221; use_border_color=&#8221;off&#8221; border_color=&#8221;#ffffff&#8221; border_style=&#8221;solid&#8221;]<\/p>\n<h1 style=\"font-size: 50px;\">Mi\u0119dzynarodowy Kurs Skrzypcowy im. Tadeusza Wro\u0144skiego<\/h1>\n<h2 style=\"font-size: 40px;\">NA\u0141\u0118CZ\u00d3W\u00a07\u201316.08.2016<\/h2>\n<p>[\/et_pb_text][et_pb_text admin_label=&#8221;Text&#8221; background_layout=&#8221;light&#8221; text_orientation=&#8221;left&#8221;]<\/p>\n<p style=\"font-size: 18px; text-align: left;\">Fundacja SKRZYPCE im. Tadeusza Wro\u0144skiego og\u0142asza I Mi\u0119dzynarodowy Kurs Skrzypcowy im. Tadeusza Wro\u0144skiego, kt\u00f3ry odb\u0119dzie si\u0119 w dniach 7-16 sierpnia w Na\u0142\u0119czowie. Jest to kurs dla skrzypk\u00f3w w ka\u017cdym wieku. Mog\u0105 w nim uczestniczy\u0107 zar\u00f3wno uczniowie szk\u00f3\u0142 podstawowych, jak i gimnazjali\u015bci, liceali\u015bci, studenci oraz absolwenci uczelni muzycznych z Polski i z zagranicy. Pedagogami kursu b\u0119d\u0105 wybitni skrzypkowie z Polski, Japonii, Niemiec oraz Ukrainy i Anglii. G\u0142\u00f3wnym celem kursu jest doskonalenie umiej\u0119tno\u015bci m\u0142odych adept\u00f3w w zakresie gry skrzypcowej. Koncerty kursant\u00f3w i pedagog\u00f3w jak r\u00f3wnie\u017c I Konkurs Na\u0142\u0119cz\u00f3w i Skrzypce <a href=\"http:\/\/www.fundacjaskrzypce.kuznianet.pl\/konkursnaleczow\/\">www.fundacjaskrzypce.kuznianet.pl\/konkursnaleczow<\/a> odbywa\u0107 si\u0119 b\u0119d\u0105 w auli Pa\u0142acu Ma\u0142achowskich usytuowanym w malowniczym Parku Na\u0142\u0119czowskim.<\/p>\n<p style=\"font-size: 18px; text-align: left;\">Serdecznie zapraszamy!<\/p>\n<p>[\/et_pb_text][et_pb_text admin_label=&#8221;jezyk&#8221; background_layout=&#8221;light&#8221; text_orientation=&#8221;left&#8221;]<\/p>\n<p>Wybierz j\u0119zyk \/ Select Your language<\/p>\n<p><a href=\"http:\/\/fundacjaskrzypce.kuznianet.pl\/kursnaleczow\/\"><img loading=\"lazy\" decoding=\"async\" class=\"size-thumbnail wp-image-87 alignleft\" alt=\"pol\" src=\"http:\/\/fundacjaskrzypce.kuznianet.pl\/kursnaleczow\/wp-content\/uploads\/sites\/5\/2016\/05\/pol-150x100.jpg\" width=\"50\" height=\"25\" \/><\/a> <a href=\"http:\/\/fundacjaskrzypce.kuznianet.pl\/kursnaleczow\/en\/\"><img loading=\"lazy\" decoding=\"async\" class=\"size-thumbnail wp-image-88 alignleft\" style=\"padding-left: 10px;\" alt=\"ang-lg\" src=\"http:\/\/fundacjaskrzypce.kuznianet.pl\/kursnaleczow\/wp-content\/uploads\/sites\/5\/2016\/05\/ang-lg-150x100.jpg\" width=\"50\" height=\"25\" \/><\/a><\/p>\n<p>[\/et_pb_text][\/et_pb_column][et_pb_column type=&#8221;1_3&#8243;][et_pb_divider admin_label=&#8221;Divider&#8221; color=&#8221;#ffffff&#8221; show_divider=&#8221;off&#8221; height=&#8221;600&#8243;]<\/p>\n<p>[\/et_pb_divider][\/et_pb_column][\/et_pb_row][\/et_pb_section][et_pb_section admin_label=&#8221;section&#8221; fullwidth=&#8221;off&#8221; specialty=&#8221;off&#8221; transparent_background=&#8221;off&#8221; background_color=&#8221;#ffffff&#8221; inner_shadow=&#8221;off&#8221; parallax=&#8221;off&#8221; parallax_method=&#8221;off&#8221; module_class=&#8221;lynk&#8221;][et_pb_row admin_label=&#8221;row&#8221;][et_pb_column type=&#8221;1_2&#8243;][et_pb_text admin_label=&#8221;Text&#8221; background_layout=&#8221;light&#8221; text_orientation=&#8221;left&#8221; module_class=&#8221;lynk&#8221; module_id=&#8221;lynk&#8221;]<\/p>\n<p style=\"font-size: 18px;\"><strong>PEDAGODZY:<\/strong><\/p>\n<p><a class=\"lynk\" style=\"font-size: 18px;\" href=\"http:\/\/fundacjaskrzypce.kuznianet.pl\/kursnaleczow\/wp-content\/uploads\/sites\/5\/2016\/05\/ProfesorMAGDALENAREZLERpol.docx_.pdf\" target=\"_blank\">Magdalena Rezler \u2013 Freiburg<\/a><\/p>\n<p><a style=\"font-size: 18px;\" href=\"http:\/\/fundacjaskrzypce.kuznianet.pl\/kursnaleczow\/wp-content\/uploads\/sites\/5\/2016\/05\/Prof-Bry\u0142a-pol.docx_.pdf\" target=\"_blank\">Bartosz Bry\u0142a \u2013 Pozna\u0144<\/a><\/p>\n<p><a style=\"font-size: 18px;\" href=\"http:\/\/fundacjaskrzypce.kuznianet.pl\/kursnaleczow\/wp-content\/uploads\/sites\/5\/2016\/05\/ProfessorTAKASHISHIMIZUpol.docx_.pdf\" target=\"_blank\">Takashi Shimizu \u2013 Tokio<\/a><\/p>\n<p><a style=\"font-size: 18px;\" href=\"http:\/\/fundacjaskrzypce.kuznianet.pl\/kursnaleczow\/wp-content\/uploads\/sites\/5\/2016\/05\/ProfesorJANSTANIENDApol.docx_.pdf\" target=\"_blank\">Jan Stanienda \u2013 Warszawa<\/a><\/p>\n<p><a style=\"font-size: 18px;\" href=\"http:\/\/fundacjaskrzypce.kuznianet.pl\/kursnaleczow\/wp-content\/uploads\/sites\/5\/2016\/05\/prof.DimaTkachenkoPol.docx_.pdf\" target=\"_blank\">Dima Tkachenko \u2013 Kij\u00f3w \/ Londyn<\/a><\/p>\n<p><a style=\"font-size: 18px;\" href=\"http:\/\/fundacjaskrzypce.kuznianet.pl\/kursnaleczow\/wp-content\/uploads\/sites\/5\/2016\/05\/Profesor-S\u0141AWOMIR-TOMASIK-pol.docx_.pdf\" target=\"_blank\">S\u0142awomir Tomasik \u2013 Warszawa<\/a><\/p>\n<p style=\"font-size: 18px;\"><strong>WSP\u00d3\u0141PRACUJ\u0104CY PIANI\u015aCI:<\/strong><\/p>\n<p><a style=\"font-size: 18px;\" href=\"http:\/\/fundacjaskrzypce.kuznianet.pl\/kursnaleczow\/wp-content\/uploads\/sites\/5\/2016\/05\/DoktorROBERTMORAWSKI.pol_.docx_.pdf\">Robert Morawski \u2013 Warszawa<\/a><\/p>\n<p><a style=\"font-size: 18px;\" href=\"http:\/\/fundacjaskrzypce.kuznianet.pl\/kursnaleczow\/wp-content\/uploads\/sites\/5\/2016\/05\/KrzysztofStaniendaPOL.docx_.pdf\">Krzysztof Stanienda &#8211; Warszawa<\/a><\/p>\n<p style=\"font-size: 18px;\"><strong>KIEROWNICTWO ARTYSTYCZNE:<\/strong><\/p>\n<p style=\"font-size: 18px;\"><a style=\"font-size: 18px;\" href=\"http:\/\/fundacjaskrzypce.kuznianet.pl\/kursnaleczow\/wp-content\/uploads\/sites\/5\/2016\/05\/Profesor-S\u0141AWOMIR-TOMASIK-pol.docx_.pdf\" target=\"_blank\">S\u0142awomir Tomasik<\/a><\/p>\n<p style=\"font-size: 18px;\"><strong>OPIEKA LUTNICZA:<\/strong><\/p>\n<p style=\"font-size: 18px;\">Marcin Mazur<\/p>\n<p>[\/et_pb_text][\/et_pb_column][et_pb_column type=&#8221;1_2&#8243;][et_pb_text admin_label=&#8221;Text&#8221; background_layout=&#8221;light&#8221; text_orientation=&#8221;left&#8221;]<\/p>\n<p style=\"font-size: 18px;\"><strong>PATRONAT:<\/strong><\/p>\n<p style=\"font-size: 18px;\">Burmistrz Miasta Na\u0142\u0119cz\u00f3w Pan Andrzej \u0106wiek<\/p>\n<p>[\/et_pb_text][et_pb_text admin_label=&#8221;Text&#8221; background_layout=&#8221;light&#8221; text_orientation=&#8221;left&#8221;]<\/p>\n<p style=\"font-size: 18px;\"><strong>ORGANIZATOR:<\/strong><\/p>\n<p style=\"font-size: 18px;\"><strong>Fundacja SKRZYPCE im. Tadeusza Wro\u0144skiego<\/strong><\/p>\n<p style=\"font-size: 18px;\"><a href=\"http:\/\/www.fundacjaskrzypce.kuznianet.pl\/kursnaleczow\">www.fundacjaskrzypce.kuznianet.pl\/kursnaleczow<\/a><\/p>\n<p>[\/et_pb_text][et_pb_image admin_label=&#8221;Image&#8221; src=&#8221;http:\/\/fundacjaskrzypce.kuznianet.pl\/kursnaleczow\/wp-content\/uploads\/sites\/5\/2016\/05\/naglowek_2_popr_2.jpg&#8221; show_in_lightbox=&#8221;off&#8221; url_new_window=&#8221;on&#8221; animation=&#8221;off&#8221; sticky=&#8221;off&#8221; alt=&#8221;Fundacja Skrzypce&#8221; url=&#8221;http:\/\/fundacjaskrzypce.kuznianet.pl&#8221;]<\/p>\n<p>[\/et_pb_image][et_pb_text admin_label=&#8221;Text&#8221; background_layout=&#8221;light&#8221; text_orientation=&#8221;left&#8221;]<\/p>\n<p style=\"font-size: 18px;\"><strong>Fundacja SKRZYPCE im. Tadeusza Wro\u0144skiego<\/strong><\/p>\n<p style=\"font-size: 18px;\"><a href=\"mailto:wronski.fundacja.skrzypce@gmail.com\">wronski.fundacja.skrzypce@gmail.com<\/a><\/p>\n<p style=\"font-size: 18px;\">Tel.+48 22 615 26 52, mobile: 606 581 547<\/p>\n<p>[\/et_pb_text][\/et_pb_column][\/et_pb_row][\/et_pb_section][et_pb_section admin_label=&#8221;section&#8221; fullwidth=&#8221;off&#8221; specialty=&#8221;off&#8221; transparent_background=&#8221;off&#8221; background_color=&#8221;#f9f9f9&#8243; inner_shadow=&#8221;off&#8221; parallax=&#8221;off&#8221; parallax_method=&#8221;off&#8221;][et_pb_row admin_label=&#8221;row&#8221;][et_pb_column type=&#8221;4_4&#8243;][et_pb_text admin_label=&#8221;Recenzje&#8221; background_layout=&#8221;light&#8221; text_orientation=&#8221;left&#8221;]<\/p>\n<h1 style=\"text-align: center;\">Recenzje Gutowska &#8211; Furtak<\/h1>\n<p>[\/et_pb_text][et_pb_cta admin_label=&#8221;Call To Action&#8221; button_url=&#8221;http:\/\/fundacjaskrzypce.kuznianet.pl\/kursnaleczow\/recenzje-karol-furtak\/&#8221; button_text=&#8221;Przeczytaj&#8221; use_background_color=&#8221;off&#8221; background_color=&#8221;#2EA3F2&#8243; background_layout=&#8221;light&#8221; text_orientation=&#8221;center&#8221;]<\/p>\n<p>[\/et_pb_cta][\/et_pb_column][\/et_pb_row][\/et_pb_section][et_pb_section admin_label=&#8221;section&#8221; fullwidth=&#8221;off&#8221; specialty=&#8221;off&#8221; transparent_background=&#8221;off&#8221; background_color=&#8221;#f9f9f9&#8243; inner_shadow=&#8221;off&#8221; parallax=&#8221;off&#8221; parallax_method=&#8221;off&#8221;][et_pb_row admin_label=&#8221;row&#8221;][et_pb_column type=&#8221;4_4&#8243;][et_pb_text admin_label=&#8221;Text&#8221; background_layout=&#8221;light&#8221; text_orientation=&#8221;left&#8221;]<\/p>\n<h1 style=\"text-align: center;\">KALENDARZ KURSU<\/h1>\n<p>[\/et_pb_text][et_pb_cta admin_label=&#8221;Call To Action&#8221; button_url=&#8221;http:\/\/fundacjaskrzypce.kuznianet.pl\/kursnaleczow\/wp-content\/uploads\/sites\/5\/2016\/08\/kalendarz.pdf&#8221; button_text=&#8221;Kalendarz Kursu&#8221; use_background_color=&#8221;off&#8221; background_color=&#8221;#2EA3F2&#8243; background_layout=&#8221;light&#8221; text_orientation=&#8221;center&#8221;]<\/p>\n<p>[\/et_pb_cta][\/et_pb_column][\/et_pb_row][\/et_pb_section][et_pb_section admin_label=&#8221;section&#8221; fullwidth=&#8221;off&#8221; specialty=&#8221;off&#8221;][et_pb_row admin_label=&#8221;row&#8221;][et_pb_column type=&#8221;4_4&#8243;][et_pb_text admin_label=&#8221;Text&#8221; background_layout=&#8221;light&#8221; text_orientation=&#8221;left&#8221;]<\/p>\n<h1 style=\"text-align: center;\">Galeria<\/h1>\n<p>[\/et_pb_text][et_pb_gallery admin_label=&#8221;Gallery&#8221; gallery_ids=&#8221;197,196,195,194,193,192,191,190,189,188,187,186,185,184,183,182,181,180,179,178,177,176,175,174,173,172,171,170,169,168,167,166,165&#8243; fullwidth=&#8221;off&#8221; posts_number=&#8221;8&#8243; show_title_and_caption=&#8221;off&#8221; show_pagination=&#8221;on&#8221; background_layout=&#8221;light&#8221;]<\/p>\n<p>[\/et_pb_gallery][\/et_pb_column][\/et_pb_row][\/et_pb_section][et_pb_section admin_label=&#8221;section&#8221; fullwidth=&#8221;off&#8221; specialty=&#8221;off&#8221; transparent_background=&#8221;off&#8221; background_color=&#8221;#ffffff&#8221; inner_shadow=&#8221;off&#8221; parallax=&#8221;off&#8221; parallax_method=&#8221;off&#8221;][et_pb_row admin_label=&#8221;row&#8221;][et_pb_column type=&#8221;4_4&#8243;][et_pb_text admin_label=&#8221;Text&#8221; background_layout=&#8221;light&#8221; text_orientation=&#8221;left&#8221;]<\/p>\n<h1 style=\"text-align: center;\">SPONSORZY<\/h1>\n<p>[\/et_pb_text][et_pb_text admin_label=&#8221;Text&#8221; background_layout=&#8221;light&#8221; text_orientation=&#8221;left&#8221;]<\/p>\n<p><img loading=\"lazy\" decoding=\"async\" class=\"aligncenter size-full wp-image-214\" alt=\"sponsorzy\" src=\"http:\/\/fundacjaskrzypce.kuznianet.pl\/kursnaleczow\/wp-content\/uploads\/sites\/5\/2016\/07\/sponsorzy.jpg\" width=\"612\" height=\"249\" srcset=\"https:\/\/fundacjaskrzypce.pl\/kurspulawy\/wp-content\/uploads\/sites\/5\/2016\/07\/sponsorzy.jpg 612w, https:\/\/fundacjaskrzypce.pl\/kurspulawy\/wp-content\/uploads\/sites\/5\/2016\/07\/sponsorzy-300x122.jpg 300w\" sizes=\"(max-width: 612px) 100vw, 612px\" \/><\/p>\n<p>[\/et_pb_text][et_pb_text admin_label=&#8221;Text&#8221; background_layout=&#8221;light&#8221; text_orientation=&#8221;left&#8221;]<\/p>\n<h1 style=\"text-align: center;\">PATRONI MEDIALNI<\/h1>\n<p>[\/et_pb_text][et_pb_text admin_label=&#8221;Text&#8221; background_layout=&#8221;light&#8221; text_orientation=&#8221;left&#8221;]<\/p>\n<p><img loading=\"lazy\" decoding=\"async\" class=\"aligncenter size-full wp-image-218\" alt=\"logo\" src=\"http:\/\/fundacjaskrzypce.kuznianet.pl\/kursnaleczow\/wp-content\/uploads\/sites\/5\/2016\/05\/logo.jpg\" width=\"612\" height=\"242\" srcset=\"https:\/\/fundacjaskrzypce.pl\/kurspulawy\/wp-content\/uploads\/sites\/5\/2016\/05\/logo.jpg 612w, https:\/\/fundacjaskrzypce.pl\/kurspulawy\/wp-content\/uploads\/sites\/5\/2016\/05\/logo-300x118.jpg 300w\" sizes=\"(max-width: 612px) 100vw, 612px\" \/><\/p>\n<p>[\/et_pb_text][\/et_pb_column][\/et_pb_row][\/et_pb_section]<\/p>\n","protected":false},"excerpt":{"rendered":"<p>[et_pb_section admin_label=&#8221;section&#8221; fullwidth=&#8221;off&#8221; specialty=&#8221;off&#8221; background_image=&#8221;http:\/\/fundacjaskrzypce.kuznianet.pl\/kursnaleczow\/wp-content\/uploads\/sites\/5\/2016\/05\/naleczow_konkurs-header1.jpg&#8221; transparent_background=&#8221;off&#8221; background_color=&#8221;#ffffff&#8221; inner_shadow=&#8221;off&#8221; parallax=&#8221;off&#8221; parallax_method=&#8221;on&#8221;][et_pb_row admin_label=&#8221;row&#8221;][et_pb_column type=&#8221;2_3&#8243;][et_pb_text admin_label=&#8221;naglowek&#8221; background_layout=&#8221;light&#8221; text_orientation=&#8221;left&#8221; use_border_color=&#8221;off&#8221; border_color=&#8221;#ffffff&#8221; border_style=&#8221;solid&#8221;] Mi\u0119dzynarodowy Kurs Skrzypcowy im. Tadeusza Wro\u0144skiego NA\u0141\u0118CZ\u00d3W\u00a07\u201316.08.2016 [\/et_pb_text][et_pb_text admin_label=&#8221;Text&#8221; background_layout=&#8221;light&#8221; text_orientation=&#8221;left&#8221;] Fundacja SKRZYPCE im. Tadeusza Wro\u0144skiego og\u0142asza I Mi\u0119dzynarodowy Kurs Skrzypcowy im. Tadeusza Wro\u0144skiego, kt\u00f3ry odb\u0119dzie si\u0119 w dniach 7-16 sierpnia w Na\u0142\u0119czowie. Jest to kurs dla [&hellip;]<\/p>\n","protected":false},"author":1,"featured_media":0,"parent":0,"menu_order":0,"comment_status":"open","ping_status":"open","template":"page-template-blank.php","meta":{"_et_pb_use_builder":"on","_et_pb_old_content":"","_et_gb_content_width":"","ngg_post_thumbnail":0,"footnotes":""},"class_list":["post-37","page","type-page","status-publish","hentry"],"_links":{"self":[{"href":"https:\/\/fundacjaskrzypce.pl\/kurspulawy\/wp-json\/wp\/v2\/pages\/37"}],"collection":[{"href":"https:\/\/fundacjaskrzypce.pl\/kurspulawy\/wp-json\/wp\/v2\/pages"}],"about":[{"href":"https:\/\/fundacjaskrzypce.pl\/kurspulawy\/wp-json\/wp\/v2\/types\/page"}],"author":[{"embeddable":true,"href":"https:\/\/fundacjaskrzypce.pl\/kurspulawy\/wp-json\/wp\/v2\/users\/1"}],"replies":[{"embeddable":true,"href":"https:\/\/fundacjaskrzypce.pl\/kurspulawy\/wp-json\/wp\/v2\/comments?post=37"}],"version-history":[{"count":64,"href":"https:\/\/fundacjaskrzypce.pl\/kurspulawy\/wp-json\/wp\/v2\/pages\/37\/revisions"}],"predecessor-version":[{"id":341,"href":"https:\/\/fundacjaskrzypce.pl\/kurspulawy\/wp-json\/wp\/v2\/pages\/37\/revisions\/341"}],"wp:attachment":[{"href":"https:\/\/fundacjaskrzypce.pl\/kurspulawy\/wp-json\/wp\/v2\/media?parent=37"}],"curies":[{"name":"wp","href":"https:\/\/api.w.org\/{rel}","templated":true}]}}